en 6423 is divided by 146?
145
What is the remainder when 429 is divided by 149?
131
What is the remainder when 130 is divided by 39?
13
Calculate the remainder when 43 is divided by 11.
10
Calculate the remainder when 1179 is divided by 332.
183
Calculate the remainder when 8953 is divided by 15.
13
What is the remainder when 637 is divided by 32?
29
Calculate the remainder when 2038 is divided by 658.
64
What is the remainder when 686 is divided by 84?
14
Calculate the remainder when 1771 is divided by 300.
271
Calculate the remainder when 410 is divided by 83.
78
What is the remainder when 25 is divided by 16?
9
Calculate the remainder when 899 is divided by 10.
9
Calculate the remainder when 1314 is divided by 20.
14
Calculate the remainder when 483 is divided by 70.
63
Calculate the remainder when 431 is divided by 29.
25
Calculate the remainder when 729 is divided by 217.
78
Calculate the remainder when 1404 is divided by 462.
18
Calculate the remainder when 21501 is divided by 253.
249
What is the remainder when 75 is divided by 16?
11
Calculate the remainder when 510 is divided by 48.
30
What is the remainder when 100 is divided by 26?
22
Calculate the remainder when 73 is divided by 20.
13
Calculate the remainder when 51 is divided by 24.
3
Calculate the remainder when 630 is divided by 17.
1
What is the remainder when 6828 is divided by 17?
11
What is the remainder when 59 is divided by 27?
5
Calculate the remainder when 4639 is divided by 32.
31
What is the remainder when 370 is divided by 189?
181
What is the remainder when 161 is divided by 53?
2
Calculate the remainder when 141 is divided by 48.
45
Calculate the remainder when 537 is divided by 157.
66
Calculate the remainder when 268 is divided by 69.
61
What is the remainder when 1373 is divided by 273?
8
What is the remainder when 485 is divided by 122?
119
What is the remainder when 287 is divided by 17?
15
Calculate the remainder when 1241 is divided by 73.
0
Calculate the remainder when 330 is divided by 155.
20
What is the remainder when 562 is divided by 95?
87
Calculate the remainder when 739 is divided by 728.
11
What is the remainder when 4263 is divided by 27?
24
Calculate the remainder when 2846 is divided by 19.
15
What is the remainder when 671 is divided by 269?
133
Calculate the remainder when 295 is divided by 16.
7
Calculate the remainder when 1224 is divided by 128.
72
What is the remainder when 114 is divided by 29?
27
Calculate the remainder when 3474 is divided by 22.
20
Calculate the remainder when 252 is divided by 79.
15
What is the remainder when 143 is divided by 75?
68
What is the remainder when 287 is divided by 30?
17
What is the remainder when 178 is divided by 37?
30
Calculate the remainder when 369 is divided by 37.
36
Calculate the remainder when 655 is divided by 329.
326
What is the remainder when 2838 is divided by 29?
25
What is the remainder when 90 is divided by 26?
12
What is the remainder when 395 is divided by 145?
105
Calculate the remainder when 1729 is divided by 42.
7
What is the remainder when 163 is divided by 162?
1
What is the remainder when 2696 is divided by 100?
96
What is the remainder when 273 is divided by 26?
13
Calculate the remainder when 298 is divided by 70.
18
Calculate the remainder when 124 is divided by 23.
9
Calculate the remainder when 369 is divided by 22.
17
What is the remainder when 60 is divided by 16?
12
Calculate the remainder when 681 is divided by 19.
16
What is the remainder when 11222 is divided by 23?
21
Calculate the remainder when 1169 is divided by 380.
29
What is the remainder when 121 is divided by 119?
2
What is the remainder when 2159 is divided by 21?
17
What is the remainder when 2002 is divided by 960?
82
What is the remainder when 3538 is divided by 177?
175
Calculate the remainder when 559 is divided by 177.
28
What is the remainder when 921 is divided by 22?
19
What is the remainder when 33617 is divided by 13?
12
Calculate the remainder when 23475 is divided by 129.
126
What is the remainder when 6 is divided by 3?
0
What is the remainder when 80 is divided by 29?
22
Calculate the remainder when 94 is divided by 21.
10
Calculate the remainder when 1239 is divided by 46.
43
What is the remainder when 116 is divided by 31?
23
Calculate the remainder when 692 is divided by 41.
36
What is the remainder when 832 is divided by 231?
139
What is the remainder when 14 is divided by 11?
3
What is the remainder when 755 is divided by 65?
40
What is the remainder when 75 is divided by 23?
6
What is the remainder when 30 is divided by 3?
0
Calculate the remainder when 795 is divided by 79.
5
Calculate the remainder when 105 is divided by 30.
15
What is the remainder when 340 is divided by 116?
108
What is the remainder when 270 is divided by 17?
15
What is the remainder when 2179 is divided by 1088?
3
Calculate the remainder when 7418 is divided by 70.
68
Calculate the remainder when 201 is divided by 183.
18
What is the remainder when 543 is divided by 78?
75
Calculate the remainder when 134 is divided by 8.
6
Calculate the remainder when 73 is divided by 29.
15
What is the remainder when 118 is divided by 24?
22
Calculate the remainder when 317 is divided by 81.
74
Calculate the remainder when 155 is divided by 53.
49
Calculate the remainder when 1115 is divided by 56.
51
What is the remainder when 1582 is divided by 54?
16
Calculate the remainder when 379 is divided by 196.
183
What is the remainder when 988 is divided by 11?
9
Calculate the remainder when 1307 is divided by 222.
197
What is the remainder when 135 is divided by 49?
37
Calculate the remainder when 334 is divided by 48.
46
What is the remainder when 236 is divided by 40?
36
What is the remainder when 65 is divided by 14?
9
Calculate the remainder when 461 is divided by 8.
5
Calculate the remainder when 4934 is divided by 206.
196
What is the remainder when 77 is divided by 10?
7
Calculate the remainder when 45 is divided by 23.
22
Calculate the remainder when 1020 is divided by 16.
12
Calculate the remainder when 139 is divided by 7.
6
Calculate the remainder when 6767 is divided by 12.
11
What is the remainder when 1966 is divided by 27?
22
What is the remainder when 60 is divided by 59?
1
Calculate the remainder when 375 is divided by 192.
183
Calculate the remainder when 327 is divided by 112.
103
What is the remainder when 1255 is divided by 385?
100
What is the remainder when 154 is divided by 40?
34
What is the remainder when 1271 is divided by 302?
63
What is the remainder when 2234 is divided by 32?
26
What is the remainder when 478 is divided by 209?
60
Calculate the remainder when 335 is divided by 8.
7
Calculate the remainder when 379 is divided by 68.
39
What is the remainder when 419 is divided by 44?
23
Calculate the remainder when 678 is divided by 17.
15
Calculate the remainder when 185 is divided by 28.
17
Calculate the remainder when 317 is divided by 40.
37
Calculate the remainder when 18718 is divided by 96.
94
What is the remainder when 339 is divided by 20?
19
Calculate the remainder when 28 is divided by 15.
13
What is the remainder when 79 is divided by 38?
3
What is the remainder when 2206 is divided by 47?
44
What is the remainder when 125 is divided by 22?
15
Calculate the remainder when 1152 is divided by 10.
2
What is the remainder when 1052 is divided by 88?
84
What is the remainder when 276 is divided by 99?
78
What is the remainder when 179 is divided by 47?
38
Calculate the remainder when 2580 is divided by 235.
230
What is the remainder when 1389 is divided by 200?
189
Calculate the remainder when 503 is divided by 84.
83
Calculate the remainder when 496 is divided by 300.
196
What is the remainder when 8 is divided by 3?
2
Calculate the remainder when 92 is divided by 17.
7
Calculate the remainder when 31 is divided by 6.
1
Calculate the remainder when 4014 is divided by 49.
45
Calculate the remainder when 109 is divided by 11.
10
What is the remainder when 97 is divided by 10?
7
Calculate the remainder when 525 is divided by 104.
5
What is the remainder when 636 is divided by 8?
4
What is the remainder when 439 is divided by 18?
7
What is the remainder when 131 is divided by 20?
11
Calculate